{"id":767,"date":"2020-05-12T17:33:22","date_gmt":"2020-05-12T17:33:22","guid":{"rendered":"https:\/\/lovecare.smartdemowp.com\/?page_id=767"},"modified":"2022-12-01T18:33:24","modified_gmt":"2022-12-01T18:33:24","slug":"historia","status":"publish","type":"page","link":"https:\/\/residenciateran.com\/index.php\/historia\/","title":{"rendered":"Historia"},"content":{"rendered":"\t\t<div data-elementor-type=\"wp-page\" data-elementor-id=\"767\" class=\"elementor elementor-767\">\n\t\t\t\t\t\t\t\t\t<section class=\"elementor-section elementor-top-section elementor-element elementor-element-68607a2 elementor-section-stretched elementor-section-full_width elementor-section-height-default elementor-section-height-default\" data-id=\"68607a2\" data-element_type=\"section\" data-settings=\"{&quot;stretch_section&quot;:&quot;section-stretched&quot;}\">\n\t\t\t\t\t\t<div class=\"elementor-container elementor-column-gap-no\">\n\t\t\t\t\t<div class=\"elementor-column elementor-col-100 elementor-top-column elementor-element elementor-element-9b9c7cb\" data-id=\"9b9c7cb\" data-element_type=\"column\">\n\t\t\t<div class=\"elementor-widget-wrap elementor-element-populated\">\n\t\t\t\t\t\t\t\t<div class=\"elementor-element elementor-element-8cb47ef elementor-widget elementor-widget-lovecare_history\" data-id=\"8cb47ef\" data-element_type=\"widget\" data-widget_type=\"lovecare_history.default\">\n\t\t\t\t<div class=\"elementor-widget-container\">\n\t\t\t\t\t<section class=\"history-one\">\n\t\t\t<div class=\"container\">\n\t\t\t\t\t\t\t\t\t<div class=\"history-one__single\">\n\t\t\t\t\t\t<div class=\"row\">\n\t\t\t\t\t\t\t<div class=\"col-lg-6\">\n\t\t\t\t\t\t\t\t<div class=\"history-one__image\">\n\t\t\t\t\t\t\t\t\t<img src=\"https:\/\/residenciateran.com\/wp-content\/uploads\/2022\/10\/historia1bis.jpg\" title=\"historia1bis\" alt=\"historia1bis\" \/>\t\t\t\t\t\t\t\t<\/div><!-- \/.history-one__image -->\n\t\t\t\t\t\t\t<\/div><!-- \/.col-lg-6 -->\n\t\t\t\t\t\t\t<div class=\"col-lg-6 d-flex\">\n\t\t\t\t\t\t\t\t<div class=\"my-auto\">\n\t\t\t\t\t\t\t\t\t<div class=\"history-one__content\">\n\t\t\t\t\t\t\t\t\t\t<div class=\"block-title text-left\">\n\t\t\t\t\t\t\t\t\t\t\t<p class=\"has-line\"><\/p>\n\t\t\t\t\t\t\t\t\t\t\t<h3 class=\"content_typography\">Desde 1898<\/h3>\t\t\t\t\t\t\t\t\t\t<\/div><!-- \/.block-title -->\n\t\t\t\t\t\t\t\t\t\t<div class=\"history-one__text\">\n\t\t\t\t\t\t\t\t\t\t\tEl Centro Residencial Santa Ana ha estado dirigido y gestionado por las Hijas de la Caridad de San Vicente de Pa\u00fal desde 1898 hasta 2021. A partir de esta fecha, aunque la comunidad de Hijas de La Caridad permanece en el Centro y con gran peso sobre la gesti\u00f3n y toma de decisiones, la direcci\u00f3n corre a cargo de un profesional contratado en plantilla. \t\t\t\t\t\t\t\t\t\t<\/div><!-- \/.history-one__text -->\n\t\t\t\t\t\t\t\t\t<\/div><!-- \/.history-one__content -->\n\t\t\t\t\t\t\t\t<\/div><!-- \/.my-auto -->\n\t\t\t\t\t\t\t<\/div><!-- \/.col-lg-6 -->\n\t\t\t\t\t\t<\/div><!-- \/.row -->\n\t\t\t\t\t<\/div><!-- \/.history-one__single -->\n\t\t\t\t\t\t\t\t\t<div class=\"history-one__single\">\n\t\t\t\t\t\t<div class=\"row\">\n\t\t\t\t\t\t\t<div class=\"col-lg-6\">\n\t\t\t\t\t\t\t\t<div class=\"history-one__image\">\n\t\t\t\t\t\t\t\t\t<img src=\"https:\/\/residenciateran.com\/wp-content\/uploads\/2022\/10\/testimonios.jpg\" title=\"testimonios\" alt=\"testimonios\" \/>\t\t\t\t\t\t\t\t<\/div><!-- \/.history-one__image -->\n\t\t\t\t\t\t\t<\/div><!-- \/.col-lg-6 -->\n\t\t\t\t\t\t\t<div class=\"col-lg-6 d-flex\">\n\t\t\t\t\t\t\t\t<div class=\"my-auto\">\n\t\t\t\t\t\t\t\t\t<div class=\"history-one__content\">\n\t\t\t\t\t\t\t\t\t\t<div class=\"block-title text-left\">\n\t\t\t\t\t\t\t\t\t\t\t<p class=\"has-line\"><\/p>\n\t\t\t\t\t\t\t\t\t\t\t<h3 class=\"content_typography\"><\/h3>\t\t\t\t\t\t\t\t\t\t<\/div><!-- \/.block-title -->\n\t\t\t\t\t\t\t\t\t\t<div class=\"history-one__text\">\n\t\t\t\t\t\t\t\t\t\t\tA partir de 1988 mejoran las instalaciones, la oferta de servicios, y aumenta su capacidad. Muy posteriormente, ya en el a\u00f1o 2017 tambi\u00e9n se lleva a cabo otra mejora y ampliaci\u00f3n importante. Paralelamente, el centro se va adaptando a la nueva legislaci\u00f3n de las pol\u00edticas sociales nacionales y auton\u00f3micas, en cuanto a infraestructuras y servicios se refiere\t\t\t\t\t\t\t\t\t\t<\/div><!-- \/.history-one__text -->\n\t\t\t\t\t\t\t\t\t<\/div><!-- \/.history-one__content -->\n\t\t\t\t\t\t\t\t<\/div><!-- \/.my-auto -->\n\t\t\t\t\t\t\t<\/div><!-- \/.col-lg-6 -->\n\t\t\t\t\t\t<\/div><!-- \/.row -->\n\t\t\t\t\t<\/div><!-- \/.history-one__single -->\n\t\t\t\t\t\t\t<\/div><!-- \/.container -->\n\t\t<\/section><!-- \/.history-one -->\n\t\t\t\t<\/div>\n\t\t\t\t<\/div>\n\t\t\t\t\t<\/div>\n\t\t<\/div>\n\t\t\t\t\t\t\t<\/div>\n\t\t<\/section>\n\t\t\t\t<section class=\"elementor-section elementor-top-section elementor-element elementor-element-6d365d6 elementor-section-stretched elementor-section-full_width elementor-section-height-default elementor-section-height-default\" data-id=\"6d365d6\" data-element_type=\"section\" data-settings=\"{&quot;stretch_section&quot;:&quot;section-stretched&quot;}\">\n\t\t\t\t\t\t<div class=\"elementor-container elementor-column-gap-no\">\n\t\t\t\t\t<div class=\"elementor-column elementor-col-100 elementor-top-column elementor-element elementor-element-adfac60\" data-id=\"adfac60\" data-element_type=\"column\">\n\t\t\t<div class=\"elementor-widget-wrap\">\n\t\t\t\t\t\t\t\t\t<\/div>\n\t\t<\/div>\n\t\t\t\t\t\t\t<\/div>\n\t\t<\/section>\n\t\t\t\t\t\t\t<\/div>\n\t\t","protected":false},"excerpt":{"rendered":"<p>Desde 1898 El Centro Residencial Santa Ana ha estado dirigido y gestionado por las Hijas de la Caridad de San Vicente de [&hellip;]<\/p>\n","protected":false},"author":1,"featured_media":2288,"parent":0,"menu_order":0,"comment_status":"closed","ping_status":"closed","template":"elementor_header_footer","meta":{"_themeisle_gutenberg_block_has_review":false},"_links":{"self":[{"href":"https:\/\/residenciateran.com\/index.php\/wp-json\/wp\/v2\/pages\/767"}],"collection":[{"href":"https:\/\/residenciateran.com\/index.php\/wp-json\/wp\/v2\/pages"}],"about":[{"href":"https:\/\/residenciateran.com\/index.php\/wp-json\/wp\/v2\/types\/page"}],"author":[{"embeddable":true,"href":"https:\/\/residenciateran.com\/index.php\/wp-json\/wp\/v2\/users\/1"}],"replies":[{"embeddable":true,"href":"https:\/\/residenciateran.com\/index.php\/wp-json\/wp\/v2\/comments?post=767"}],"version-history":[{"count":15,"href":"https:\/\/residenciateran.com\/index.php\/wp-json\/wp\/v2\/pages\/767\/revisions"}],"predecessor-version":[{"id":2480,"href":"https:\/\/residenciateran.com\/index.php\/wp-json\/wp\/v2\/pages\/767\/revisions\/2480"}],"wp:featuredmedia":[{"embeddable":true,"href":"https:\/\/residenciateran.com\/index.php\/wp-json\/wp\/v2\/media\/2288"}],"wp:attachment":[{"href":"https:\/\/residenciateran.com\/index.php\/wp-json\/wp\/v2\/media?parent=767"}],"curies":[{"name":"wp","href":"https:\/\/api.w.org\/{rel}","templated":true}]}}