{"id":3,"date":"2022-09-21T10:52:07","date_gmt":"2022-09-21T10:52:07","guid":{"rendered":"https:\/\/residenciateran.com\/?page_id=3"},"modified":"2022-12-07T11:21:03","modified_gmt":"2022-12-07T11:21:03","slug":"politica-de-privacidad","status":"publish","type":"page","link":"https:\/\/residenciateran.com\/index.php\/politica-de-privacidad\/","title":{"rendered":"Pol\u00edtica de privacidad"},"content":{"rendered":"<p><strong>Identificaci\u00f3n y datos de contacto del Responsable del tratamiento<\/strong><\/p>\n<ul>\n<li>Entidad: FUNDACION RESIDENCIA SANTA ANA DE TER\u00c1N DE CABU\u00c9RNIGA (en adelante el Centro)<\/li>\n<li>Direcci\u00f3n Barrio La Torre n\u00ba 3, Ter\u00e1n, 39510-Valle de Cabu\u00e9rniga (Cantabria)<\/li>\n<li>Tel\u00e9fono: 942 70 60 04<\/li>\n<li>Correo electr\u00f3nico: resiteran@planalfa.es<\/li>\n<\/ul>\n<p>Los datos de car\u00e1cter personal que se pudieran recabar directamente de la persona interesada ser\u00e1n tratados de forma confidencial y quedar\u00e1n incorporados a la correspondiente actividad de tratamiento titularidad del Centro.<\/p>\n<p><strong>Finalidades de la recogida y tratamiento de datos personales<\/strong><br \/>\nLos datos personales que haya proporcionado al Centro a trav\u00e9s del formulario de contacto este sitio web tienen como finalidad recibir, gestionar y responder a su solicitud de informaci\u00f3n, sugerencia o reclamaci\u00f3n.<\/p>\n<p><strong>Legitimaci\u00f3n<\/strong><\/p>\n<p>La legitimaci\u00f3n para el tratamiento de sus datos se concreta en:<\/p>\n<ul>\n<li>El consentimiento de la persona interesada para el tratamiento de sus datos personales para uno o varios fines espec\u00edficos (art. 6.1.a) RGPD).<\/li>\n<li>El inter\u00e9s leg\u00edtimo del Centro en recibir, gestionar y responder a sus solicitudes, sugerencias y reclamaciones (art. 6.1.f) RGPD), as\u00ed como, en su caso, cumplir con las obligaciones contractuales derivadas la prestaci\u00f3n de servicios suscritos con el Centro (art. 6.1.b) RGPD).<\/li>\n<\/ul>\n<p><strong>Conservaci\u00f3n de datos<\/strong><br \/>\nLos datos personales proporcionados se conservar\u00e1n durante el tiempo necesario para cumplir con la finalidad para la que se recaban y para determinar las posibles responsabilidades que se pudieran derivar de la finalidad, adem\u00e1s de los per\u00edodos establecidos en la normativa de vigente.<\/p>\n<p><strong>Comunicaci\u00f3n de datos<\/strong><\/p>\n<p>Sus datos podr\u00e1n ser cedidos a las siguientes categor\u00edas de cesionarios:<\/p>\n<ul>\n<li>Personas que trabajan en el Centro en el cumplimiento de sus funciones.<\/li>\n<li>Personas interesadas en los procedimientos relacionados con las reclamaciones presentadas.<\/li>\n<li>Proveedores de servicios del Centro que pueden tener acceso a sus datos como encargados del tratamiento, en virtud de los servicios que prestan al centro (por ejemplo: Proveedores de servicios de mantenimiento de sistemas y equipos inform\u00e1ticos; Proveedores de servicios de gesti\u00f3n administrativa; Proveedores de servicios jur\u00eddicos)<\/li>\n<li>Jueces y Tribunales en cumplimiento de requerimientos (obligaci\u00f3n legal) o para la formulaci\u00f3n, ejercicio y defensa de reclamaciones.<\/li>\n<\/ul>\n<p><strong>Transferencias internacionales de datos<\/strong><br \/>\nEl Centro no precisa realizar transferencias internacionales de sus datos a pa\u00edses que no disponen de normativa equivalente a la europea (\u201cTerceros Pa\u00edses\u201d). En el caso de que el Centro precisara contratar los servicios de proveedores ubicados en Terceros Pa\u00edses para el tratamiento de sus datos, dicha contrataci\u00f3n se realizar\u00eda previo cumplimiento de todos los requisitos establecidos por la normativa de protecci\u00f3n de datos, y aplicando las garant\u00edas y salvaguardas necesarias para preservar su privacidad.<\/p>\n<p><strong>Confidencialidad<\/strong><br \/>\nLos datos personales recabados ser\u00e1n tratados con absoluta confidencialidad, guardando secreto respecto de los mismos y adoptando todas las medidas necesarias tendentes a evitar su alteraci\u00f3n, p\u00e9rdida y tratamiento o acceso no autorizado, de acuerdo con lo establecido en la legislaci\u00f3n vigente.<\/p>\n<p><strong>Medidas de Seguridad<\/strong><br \/>\nEl Centro ha adoptado las medidas de \u00edndole t\u00e9cnica y organizativa necesarias para garantizar la seguridad en el tratamiento de los datos y evitar su alteraci\u00f3n, p\u00e9rdida, tratamiento o acceso no autorizado, habida cuenta del estado de la tecnolog\u00eda, la naturaleza de los datos almacenados y los riesgos a que est\u00e1n expuestos, ya provengan de la acci\u00f3n humana o del medio f\u00edsico o natural, de acuerdo con la legislaci\u00f3n vigente que resulte de aplicaci\u00f3n en materia de medidas de seguridad de los tratamientos de datos de car\u00e1cter personal. <\/p>\n<p>No obstante, la transmisi\u00f3n de informaci\u00f3n a trav\u00e9s de Internet no es totalmente segura. Por ello, y a pesar de que el Centro realizar\u00e1 todos los esfuerzos para proteger los datos, no puede garantizar la seguridad de los mismos durante el tr\u00e1nsito hasta el Sitio Web. Toda la informaci\u00f3n que se facilite se enviar\u00e1 por su cuenta y riesgo. <\/p>\n<p><strong>Derechos de las personas interesadas<\/strong><br \/>\nPara solicitar el acceso, la rectificaci\u00f3n, supresi\u00f3n o limitaci\u00f3n del tratamiento de los datos personales o a oponerse al tratamiento, en el caso de se den los requisitos establecidos en el Reglamento General de Protecci\u00f3n de Datos, as\u00ed como en la Ley Org\u00e1nica 3\/2018, de 5 de diciembre, de Protecci\u00f3n de Datos Personal y garant\u00eda de los derechos digitales, puede dirigir un escrito al responsable del tratamiento dirigiendo el mismo a la Agencia Espa\u00f1ola de Protecci\u00f3n de Datos, C\/Jorge Juan, 6, 28001- Madrid o en el registro electr\u00f3nico de la AEPD<\/p>\n","protected":false},"excerpt":{"rendered":"<p>Identificaci\u00f3n y datos de contacto del Responsable del tratamiento Entidad: FUNDACION RESIDENCIA SANTA ANA DE TER\u00c1N DE CABU\u00c9RNIGA (en adelante el Centro) [&hellip;]<\/p>\n","protected":false},"author":1,"featured_media":0,"parent":0,"menu_order":0,"comment_status":"closed","ping_status":"open","template":"","meta":{"_themeisle_gutenberg_block_has_review":false},"_links":{"self":[{"href":"https:\/\/residenciateran.com\/index.php\/wp-json\/wp\/v2\/pages\/3"}],"collection":[{"href":"https:\/\/residenciateran.com\/index.php\/wp-json\/wp\/v2\/pages"}],"about":[{"href":"https:\/\/residenciateran.com\/index.php\/wp-json\/wp\/v2\/types\/page"}],"author":[{"embeddable":true,"href":"https:\/\/residenciateran.com\/index.php\/wp-json\/wp\/v2\/users\/1"}],"replies":[{"embeddable":true,"href":"https:\/\/residenciateran.com\/index.php\/wp-json\/wp\/v2\/comments?post=3"}],"version-history":[{"count":3,"href":"https:\/\/residenciateran.com\/index.php\/wp-json\/wp\/v2\/pages\/3\/revisions"}],"predecessor-version":[{"id":2502,"href":"https:\/\/residenciateran.com\/index.php\/wp-json\/wp\/v2\/pages\/3\/revisions\/2502"}],"wp:attachment":[{"href":"https:\/\/residenciateran.com\/index.php\/wp-json\/wp\/v2\/media?parent=3"}],"curies":[{"name":"wp","href":"https:\/\/api.w.org\/{rel}","templated":true}]}}